{"id":855,"date":"2022-01-23T17:40:50","date_gmt":"2022-01-23T17:40:50","guid":{"rendered":"https:\/\/www.heraldys.fr\/wordpress\/?page_id=855"},"modified":"2023-09-15T15:21:00","modified_gmt":"2023-09-15T15:21:00","slug":"cortile-donore","status":"publish","type":"page","link":"https:\/\/www.heraldys.fr\/wordpress\/decouvrir\/cortile-donore\/","title":{"rendered":"Cortile d&rsquo;onore"},"content":{"rendered":"\n<div class=\"wp-block-columns is-layout-flex wp-container-6 wp-block-columns-is-layout-flex\">\n<div class=\"wp-block-column is-layout-flow wp-block-column-is-layout-flow\" style=\"flex-basis:100%\">\n<div class=\"wp-block-columns is-layout-flex wp-container-4 wp-block-columns-is-layout-flex\">\n<div class=\"wp-block-column is-layout-flow wp-block-column-is-layout-flow\">\n<h3>Historique<\/h3>\n\n\n\n<p>Propri\u00e9t\u00e9 des \u00e9v\u00e8ques d\u2019Aoste, restaur\u00e9 et agrandi vers 1400 par Iblet de Challant, le ch\u00e2teau d\u2019Issogne a adopt\u00e9 son aspect actuel entre 1490 et 1510 gr\u00e2ce \u00e0&nbsp;<strong>Georges de Challant<\/strong>, prieur de S. Orso, qui le restaura et le transforma en une demeure somptueuse pour sa cousine Marguerite de La Chambre et son fils Philibert. Ces travaux transform\u00e8rent le ch\u00e2teau d\u2019Issogne en une r\u00e9sidence luxueuse de la Renaissance.<\/p>\n\n\n\n<p><\/p>\n<\/div>\n\n\n\n<div class=\"wp-block-column is-layout-flow wp-block-column-is-layout-flow\">\n<h3><a href=\"https:\/\/www.heraldys.fr\/wordpress\/index.php\/decouvrir\/cortile-donore\/description\/\">Description<\/a><\/h3>\n\n\n\n<p>La cour d&rsquo;honneur pr\u00e9sente un impressionnant armorial, qui serpente le long des murs. Il est divis\u00e9 en trois secteurs distincts :<\/p>\n\n\n\n<p>&#8211; Sur la fa\u00e7ade int\u00e9rieure de l&rsquo;aile ouest et sur la tour qui en fait saillie (fa\u00e7ade I \u00e0 V) se trouvent les armoiries des anc\u00eatres des diff\u00e9rentes branches de la famille et de ses membres qui se sont le plus distingu\u00e9s dans le domaines religieux, militaire et civil : c&rsquo;est le \u00ab&nbsp;<em>Miroeyr pour les enfens de challant<\/em>&nbsp;\u00bb, comme l&rsquo;indique le cartouche plac\u00e9 sous la triple rang\u00e9e d&rsquo;\u00e9cussons au centre.<\/p>\n\n\n\n<p><a href=\"https:\/\/www.heraldys.fr\/wordpress\/index.php\/decouvrir\/cortile-donore\/description\/\">Lire la suite&#8230;.<\/a><\/p>\n<\/div>\n\n\n\n<div class=\"wp-block-column is-layout-flow wp-block-column-is-layout-flow\">\n<h3>Documentation<\/h3>\n\n\n\n<figure class=\"wp-block-image size-full\"><img decoding=\"async\" loading=\"lazy\" width=\"302\" height=\"429\" src=\"https:\/\/www.heraldys.fr\/wordpress\/wp-content\/uploads\/2022\/01\/Plan-de-masse.jpg\" alt=\"\" class=\"wp-image-856\" srcset=\"https:\/\/www.heraldys.fr\/wordpress\/wp-content\/uploads\/2022\/01\/Plan-de-masse.jpg 302w, https:\/\/www.heraldys.fr\/wordpress\/wp-content\/uploads\/2022\/01\/Plan-de-masse-211x300.jpg 211w\" sizes=\"(max-width: 302px) 100vw, 302px\" \/><\/figure>\n<\/div>\n<\/div>\n<\/div>\n<\/div>\n\n\n\n<figure class=\"wp-block-table\"><table><tbody><tr><td>Fa\u00e7ade I<\/td><td> <a href=\"https:\/\/www.heraldys.fr\/wordpress\/index.php\/decouvrir\/curtile-dhonore\/facade-ii\/\">Fa\u00e7ade II<\/a><\/td><td> <a href=\"https:\/\/www.heraldys.fr\/wordpress\/index.php\/decouvrir\/curtile-dhonore\/facade-iii\/\">Fa\u00e7ade III<\/a><\/td><td> <a href=\"https:\/\/www.heraldys.fr\/wordpress\/index.php\/decouvrir\/curtile-dhonore\/facade-iv\/\">Fa\u00e7ade IV<\/a><\/td><td> <a href=\"https:\/\/www.heraldys.fr\/wordpress\/index.php\/decouvrir\/curtile-dhonore\/facade-v\/\">Fa\u00e7ade V<\/a><\/td><td> <a href=\"https:\/\/www.heraldys.fr\/wordpress\/index.php\/decouvrir\/curtile-dhonore\/facade-vi\/\">Fa\u00e7ade VI<\/a><\/td><td> <a href=\"https:\/\/www.heraldys.fr\/wordpress\/index.php\/decouvrir\/curtile-dhonore\/facade-vii\/\">Fa\u00e7ade VII<\/a><\/td><td> <a href=\"https:\/\/www.heraldys.fr\/wordpress\/index.php\/decouvrir\/curtile-dhonore\/facade-viii\/\">Fa\u00e7ade VIII<\/a><\/td><td class=\"has-text-align-center\" data-align=\"center\"> <a href=\"https:\/\/www.heraldys.fr\/wordpress\/index.php\/decouvrir\/curtile-dhonore\/facade-ix\/\">Fa\u00e7ade IX<\/a><\/td><\/tr><\/tbody><\/table><\/figure>\n","protected":false},"excerpt":{"rendered":"<p>Historique Propri\u00e9t\u00e9 des \u00e9v\u00e8ques d\u2019Aoste, restaur\u00e9 et agrandi vers 1400 par Iblet de Challant, le ch\u00e2teau d\u2019Issogne a adopt\u00e9 son aspect actuel entre 1490 et 1510 gr\u00e2ce \u00e0&nbsp;Georges de Challant, prieur de S. Orso, qui le restaura et le transforma en une demeure somptueuse pour sa cousine Marguerite de La Chambre et son fils Philibert. &hellip;<\/p>\n<p class=\"read-more\"> <a class=\"\" href=\"https:\/\/www.heraldys.fr\/wordpress\/decouvrir\/cortile-donore\/\"> <span class=\"screen-reader-text\">Cortile d&rsquo;onore<\/span> Lire la suite\u00a0\u00bb<\/a><\/p>\n","protected":false},"author":1,"featured_media":0,"parent":9,"menu_order":0,"comment_status":"closed","ping_status":"closed","template":"","meta":{"_uag_custom_page_level_css":"","site-sidebar-layout":"default","site-content-layout":"default","ast-site-content-layout":"default","site-content-style":"default","site-sidebar-style":"default","ast-global-header-display":"","ast-banner-title-visibility":"","ast-main-header-display":"","ast-hfb-above-header-display":"","ast-hfb-below-header-display":"","ast-hfb-mobile-header-display":"","site-post-title":"","ast-breadcrumbs-content":"","ast-featured-img":"","footer-sml-layout":"","theme-transparent-header-meta":"default","adv-header-id-meta":"","stick-header-meta":"","header-above-stick-meta":"","header-main-stick-meta":"","header-below-stick-meta":"","astra-migrate-meta-layouts":"set","footnotes":""},"uagb_featured_image_src":{"full":false,"thumbnail":false,"medium":false,"medium_large":false,"large":false,"1536x1536":false,"2048x2048":false},"uagb_author_info":{"display_name":"admin","author_link":"https:\/\/www.heraldys.fr\/wordpress\/author\/gillesboussard_h33\/"},"uagb_comment_info":0,"uagb_excerpt":"Historique Propri\u00e9t\u00e9 des \u00e9v\u00e8ques d\u2019Aoste, restaur\u00e9 et agrandi vers 1400 par Iblet de Challant, le ch\u00e2teau d\u2019Issogne a adopt\u00e9 son aspect actuel entre 1490 et 1510 gr\u00e2ce \u00e0&nbsp;Georges de Challant, prieur de S. Orso, qui le restaura et le transforma en une demeure somptueuse pour sa cousine Marguerite de La Chambre et son fils Philibert.\u2026","_links":{"self":[{"href":"https:\/\/www.heraldys.fr\/wordpress\/wp-json\/wp\/v2\/pages\/855"}],"collection":[{"href":"https:\/\/www.heraldys.fr\/wordpress\/wp-json\/wp\/v2\/pages"}],"about":[{"href":"https:\/\/www.heraldys.fr\/wordpress\/wp-json\/wp\/v2\/types\/page"}],"author":[{"embeddable":true,"href":"https:\/\/www.heraldys.fr\/wordpress\/wp-json\/wp\/v2\/users\/1"}],"replies":[{"embeddable":true,"href":"https:\/\/www.heraldys.fr\/wordpress\/wp-json\/wp\/v2\/comments?post=855"}],"version-history":[{"count":24,"href":"https:\/\/www.heraldys.fr\/wordpress\/wp-json\/wp\/v2\/pages\/855\/revisions"}],"predecessor-version":[{"id":1336,"href":"https:\/\/www.heraldys.fr\/wordpress\/wp-json\/wp\/v2\/pages\/855\/revisions\/1336"}],"up":[{"embeddable":true,"href":"https:\/\/www.heraldys.fr\/wordpress\/wp-json\/wp\/v2\/pages\/9"}],"wp:attachment":[{"href":"https:\/\/www.heraldys.fr\/wordpress\/wp-json\/wp\/v2\/media?parent=855"}],"curies":[{"name":"wp","href":"https:\/\/api.w.org\/{rel}","templated":true}]}}