{"id":1198,"date":"2022-05-14T13:19:07","date_gmt":"2022-05-14T13:19:07","guid":{"rendered":"https:\/\/www.heraldys.fr\/wordpress\/?page_id=1198"},"modified":"2023-09-15T16:26:50","modified_gmt":"2023-09-15T16:26:50","slug":"accueil-2","status":"publish","type":"page","link":"https:\/\/www.heraldys.fr\/wordpress\/","title":{"rendered":"Accueil"},"content":{"rendered":"<style>.kb-row-layout-id1198_3147bc-31 > .kt-row-column-wrap{align-content:start;}:where(.kb-row-layout-id1198_3147bc-31 > .kt-row-column-wrap) > .wp-block-kadence-column{justify-content:start;}.kb-row-layout-id1198_3147bc-31 > .kt-row-column-wrap{column-gap:var(--global-kb-gap-md, 2rem);row-gap:var(--global-kb-gap-md, 2rem);padding-top:var(--global-kb-spacing-sm, 1.5rem);padding-bottom:var(--global-kb-spacing-sm, 1.5rem);grid-template-columns:repeat(4, minmax(0, 1fr));}.kb-row-layout-id1198_3147bc-31 > .kt-row-layout-overlay{opacity:0.30;}.kb-row-layout-id1198_3147bc-31 .kt-row-layout-bottom-sep{height:100px;}.kb-row-layout-id1198_3147bc-31 .kt-row-layout-bottom-sep svg{width:100%;}.kb-row-layout-id1198_3147bc-31 .kt-row-layout-bottom-sep svg{fill:#ffffff!important;}.kb-row-layout-id1198_3147bc-31 .kt-row-layout-top-sep{height:100px;}.kb-row-layout-id1198_3147bc-31 .kt-row-layout-top-sep svg{width:100%;}.kb-row-layout-id1198_3147bc-31 .kt-row-layout-top-sep svg{fill:#ffffff!important;}@media all and (max-width: 1024px){.kb-row-layout-id1198_3147bc-31 > .kt-row-column-wrap{grid-template-columns:repeat(4, minmax(0, 1fr));}}@media all and (max-width: 1024px){.kb-row-layout-id1198_3147bc-31 .kt-row-layout-bottom-sep{height:px;}}@media all and (max-width: 1024px){.kb-row-layout-id1198_3147bc-31 .kt-row-layout-bottom-sep svg{width:%;}}@media all and (max-width: 767px){.kb-row-layout-id1198_3147bc-31 > .kt-row-column-wrap{grid-template-columns:minmax(0, 1fr);}.kb-row-layout-id1198_3147bc-31 .kt-row-layout-bottom-sep{height:px;}.kb-row-layout-id1198_3147bc-31 .kt-row-layout-bottom-sep svg{width:%;}}<\/style><div class=\"kb-row-layout-wrap kb-row-layout-id1198_3147bc-31 alignnone wp-block-kadence-rowlayout\"><div class=\"kt-row-column-wrap kt-has-4-columns kt-row-layout-equal kt-tab-layout-inherit kt-mobile-layout-row kt-row-valign-top\">\n<style>.kadence-column1198_e90b2e-b8 > .kt-inside-inner-col{padding-right:0px;padding-left:0px;}.kadence-column1198_e90b2e-b8 > .kt-inside-inner-col{box-shadow:0px 0px 14px 0px rgba(0, 0, 0, 0.2);}.kadence-column1198_e90b2e-b8 > .kt-inside-inner-col,.kadence-column1198_e90b2e-b8 > .kt-inside-inner-col:before{border-top-left-radius:0px;border-top-right-radius:0px;border-bottom-right-radius:0px;border-bottom-left-radius:0px;}.kadence-column1198_e90b2e-b8 > .kt-inside-inner-col{column-gap:var(--global-kb-gap-sm, 1rem);}.kadence-column1198_e90b2e-b8 > .kt-inside-inner-col{flex-direction:column;}.kadence-column1198_e90b2e-b8 > .kt-inside-inner-col > .aligncenter{width:100%;}.kadence-column1198_e90b2e-b8 > .kt-inside-inner-col:before{opacity:0.3;}.kadence-column1198_e90b2e-b8{text-align:center;}.kadence-column1198_e90b2e-b8{position:relative;}.kadence-column1198_e90b2e-b8, .kt-inside-inner-col > .kadence-column1198_e90b2e-b8:not(.specificity){margin-right:0px;margin-left:0px;}@media all and (max-width: 1024px){.kadence-column1198_e90b2e-b8 > .kt-inside-inner-col{flex-direction:column;}}@media all and (max-width: 767px){.kadence-column1198_e90b2e-b8 > .kt-inside-inner-col{flex-direction:column;}}<\/style>\n<div class=\"wp-block-kadence-column kadence-column1198_e90b2e-b8 inner-column-1\"><div class=\"kt-inside-inner-col\">\n<figure class=\"wp-block-image aligncenter size-full\"><img decoding=\"async\" loading=\"lazy\" width=\"793\" height=\"903\" src=\"https:\/\/www.heraldys.fr\/wordpress\/wp-content\/uploads\/2022\/05\/heraut2.jpg\" alt=\"\" class=\"wp-image-1208\" srcset=\"https:\/\/www.heraldys.fr\/wordpress\/wp-content\/uploads\/2022\/05\/heraut2.jpg 793w, https:\/\/www.heraldys.fr\/wordpress\/wp-content\/uploads\/2022\/05\/heraut2-263x300.jpg 263w, https:\/\/www.heraldys.fr\/wordpress\/wp-content\/uploads\/2022\/05\/heraut2-768x875.jpg 768w\" sizes=\"(max-width: 793px) 100vw, 793px\" \/><figcaption class=\"wp-element-caption\"><strong><mark class=\"kt-highlight\">Comprendre<\/mark><\/strong><\/figcaption><\/figure>\n\n\n\n<p><em>Section en travaux<\/em><\/p>\n<p>\u00a0<\/p>\n<\/div><\/div>\n\n\n<style>.kadence-column1198_a7d2f6-9f > .kt-inside-inner-col{box-shadow:0px 0px 14px 0px rgba(0, 0, 0, 0.2);}.kadence-column1198_a7d2f6-9f > .kt-inside-inner-col,.kadence-column1198_a7d2f6-9f > .kt-inside-inner-col:before{border-top-left-radius:0px;border-top-right-radius:0px;border-bottom-right-radius:0px;border-bottom-left-radius:0px;}.kadence-column1198_a7d2f6-9f > .kt-inside-inner-col{column-gap:var(--global-kb-gap-sm, 1rem);}.kadence-column1198_a7d2f6-9f > .kt-inside-inner-col{flex-direction:column;}.kadence-column1198_a7d2f6-9f > .kt-inside-inner-col > .aligncenter{width:100%;}.kadence-column1198_a7d2f6-9f > .kt-inside-inner-col:before{opacity:0.3;}.kadence-column1198_a7d2f6-9f{text-align:center;}.kadence-column1198_a7d2f6-9f{position:relative;}@media all and (max-width: 1024px){.kadence-column1198_a7d2f6-9f > .kt-inside-inner-col{flex-direction:column;}}@media all and (max-width: 767px){.kadence-column1198_a7d2f6-9f > .kt-inside-inner-col{flex-direction:column;}}<\/style>\n<div class=\"wp-block-kadence-column kadence-column1198_a7d2f6-9f inner-column-2\"><div class=\"kt-inside-inner-col\">\n<figure class=\"wp-block-image aligncenter size-full\"><a href=\"https:\/\/www.heraldys.fr\/wordpress\/Blasonner\/\"><img decoding=\"async\" loading=\"lazy\" width=\"369\" height=\"420\" src=\"https:\/\/www.heraldys.fr\/wordpress\/wp-content\/uploads\/2022\/05\/leblancq3.jpg\" alt=\"\" class=\"wp-image-1230\" style=\"object-fit:cover\" srcset=\"https:\/\/www.heraldys.fr\/wordpress\/wp-content\/uploads\/2022\/05\/leblancq3.jpg 369w, https:\/\/www.heraldys.fr\/wordpress\/wp-content\/uploads\/2022\/05\/leblancq3-264x300.jpg 264w\" sizes=\"(max-width: 369px) 100vw, 369px\" \/><\/a><figcaption class=\"wp-element-caption\"><strong><mark style=\"\" class=\"kt-highlight\"><b>Blason<\/b><\/mark>n<mark class=\"kt-highlight\">er<\/mark><\/strong><\/figcaption><\/figure>\n\n\n\n<p>Vous saisissez le blason et nous le dessinons pour vous, en quelques secondes !!<\/p>\n<\/div><\/div>\n\n\n<style>.kadence-column1198_1e64f1-0a > .kt-inside-inner-col{box-shadow:0px 0px 14px 0px rgba(0, 0, 0, 0.2);}.kadence-column1198_1e64f1-0a > .kt-inside-inner-col,.kadence-column1198_1e64f1-0a > .kt-inside-inner-col:before{border-top-left-radius:0px;border-top-right-radius:0px;border-bottom-right-radius:0px;border-bottom-left-radius:0px;}.kadence-column1198_1e64f1-0a > .kt-inside-inner-col{column-gap:var(--global-kb-gap-sm, 1rem);}.kadence-column1198_1e64f1-0a > .kt-inside-inner-col{flex-direction:column;}.kadence-column1198_1e64f1-0a > .kt-inside-inner-col > .aligncenter{width:100%;}.kadence-column1198_1e64f1-0a > .kt-inside-inner-col:before{opacity:0.3;}.kadence-column1198_1e64f1-0a{text-align:center;}.kadence-column1198_1e64f1-0a{position:relative;}@media all and (max-width: 1024px){.kadence-column1198_1e64f1-0a > .kt-inside-inner-col{flex-direction:column;}}@media all and (max-width: 767px){.kadence-column1198_1e64f1-0a > .kt-inside-inner-col{flex-direction:column;}}<\/style>\n<div class=\"wp-block-kadence-column kadence-column1198_1e64f1-0a inner-column-3\"><div class=\"kt-inside-inner-col\">\n<figure class=\"wp-block-image aligncenter size-full\"><a href=\"https:\/\/www.heraldys.fr\/wordpress\/Rechercher\/\"><img decoding=\"async\" loading=\"lazy\" width=\"410\" height=\"466\" src=\"https:\/\/www.heraldys.fr\/wordpress\/wp-content\/uploads\/2022\/05\/bellenville2.jpg\" alt=\"\" class=\"wp-image-1213\" style=\"object-fit:cover\" srcset=\"https:\/\/www.heraldys.fr\/wordpress\/wp-content\/uploads\/2022\/05\/bellenville2.jpg 410w, https:\/\/www.heraldys.fr\/wordpress\/wp-content\/uploads\/2022\/05\/bellenville2-264x300.jpg 264w\" sizes=\"(max-width: 410px) 100vw, 410px\" \/><\/a><figcaption class=\"wp-element-caption\"><strong>Rechercher<\/strong><\/figcaption><\/figure>\n\n\n\n<p>Rechercher un blason \u00e0 partir du nom de son titulaire ou de ses composants<\/p>\n<\/div><\/div>\n\n\n<style>.kadence-column1198_7d82f2-d0 > .kt-inside-inner-col{display:flex;}.kadence-column1198_7d82f2-d0 > .kt-inside-inner-col{box-shadow:0px 0px 14px 0px rgba(0, 0, 0, 0.2);}.kadence-column1198_7d82f2-d0 > .kt-inside-inner-col,.kadence-column1198_7d82f2-d0 > .kt-inside-inner-col:before{border-top-left-radius:0px;border-top-right-radius:0px;border-bottom-right-radius:0px;border-bottom-left-radius:0px;}.kadence-column1198_7d82f2-d0 > .kt-inside-inner-col{column-gap:var(--global-kb-gap-sm, 1rem);}.kadence-column1198_7d82f2-d0 > .kt-inside-inner-col{flex-direction:column;justify-content:flex-start;}.kadence-column1198_7d82f2-d0 > .kt-inside-inner-col > .aligncenter{width:100%;}.kt-row-column-wrap > .kadence-column1198_7d82f2-d0{align-self:flex-start;}.kt-inner-column-height-full:not(.kt-has-1-columns) > .wp-block-kadence-column.kadence-column1198_7d82f2-d0{align-self:auto;}.kt-inner-column-height-full:not(.kt-has-1-columns) > .wp-block-kadence-column.kadence-column1198_7d82f2-d0 > .kt-inside-inner-col{flex-direction:column;justify-content:flex-start;}.kadence-column1198_7d82f2-d0 > .kt-inside-inner-col:before{opacity:0.3;}.kadence-column1198_7d82f2-d0{position:relative;}@media all and (max-width: 1024px){.kt-row-column-wrap > .kadence-column1198_7d82f2-d0{align-self:flex-start;}}@media all and (max-width: 1024px){.kt-inner-column-height-full:not(.kt-has-1-columns) > .wp-block-kadence-column.kadence-column1198_7d82f2-d0{align-self:auto;}}@media all and (max-width: 1024px){.kt-inner-column-height-full:not(.kt-has-1-columns) > .wp-block-kadence-column.kadence-column1198_7d82f2-d0 > .kt-inside-inner-col{flex-direction:column;justify-content:flex-start;}}@media all and (max-width: 1024px){.kadence-column1198_7d82f2-d0 > .kt-inside-inner-col{flex-direction:column;}}@media all and (max-width: 767px){.kt-row-column-wrap > .kadence-column1198_7d82f2-d0{align-self:flex-start;}.kt-inner-column-height-full:not(.kt-has-1-columns) > .wp-block-kadence-column.kadence-column1198_7d82f2-d0{align-self:auto;}.kt-inner-column-height-full:not(.kt-has-1-columns) > .wp-block-kadence-column.kadence-column1198_7d82f2-d0 > .kt-inside-inner-col{flex-direction:column;justify-content:flex-start;}.kadence-column1198_7d82f2-d0 > .kt-inside-inner-col{flex-direction:column;}}<\/style>\n<div class=\"wp-block-kadence-column kadence-column1198_7d82f2-d0 inner-column-4\"><div class=\"kt-inside-inner-col\">\n<figure class=\"wp-block-image aligncenter size-large\"><a href=\"https:\/\/www.heraldys.fr\/wordpress\/decouvrir\/\"><img decoding=\"async\" loading=\"lazy\" width=\"902\" height=\"1024\" src=\"https:\/\/www.heraldys.fr\/wordpress\/wp-content\/uploads\/2022\/05\/prague3-902x1024.jpg\" alt=\"\" class=\"wp-image-1216\" srcset=\"https:\/\/www.heraldys.fr\/wordpress\/wp-content\/uploads\/2022\/05\/prague3-902x1024.jpg 902w, https:\/\/www.heraldys.fr\/wordpress\/wp-content\/uploads\/2022\/05\/prague3-264x300.jpg 264w, https:\/\/www.heraldys.fr\/wordpress\/wp-content\/uploads\/2022\/05\/prague3-768x872.jpg 768w, https:\/\/www.heraldys.fr\/wordpress\/wp-content\/uploads\/2022\/05\/prague3-1352x1536.jpg 1352w, https:\/\/www.heraldys.fr\/wordpress\/wp-content\/uploads\/2022\/05\/prague3-1803x2048.jpg 1803w, https:\/\/www.heraldys.fr\/wordpress\/wp-content\/uploads\/2022\/05\/prague3.jpg 1938w\" sizes=\"(max-width: 902px) 100vw, 902px\" \/><\/a><figcaption class=\"wp-element-caption\"><strong>D\u00e9couvrir <\/strong><\/figcaption><\/figure>\n\n\n\n<p style=\"text-align: center;\">D\u00e9couvrez quelques uns des plus beaux b\u00e2timents armori\u00e9s d&rsquo;Europe<\/p>\n<\/div><\/div>\n\n<\/div><\/div>\n\n<style>.kadence-column1198_e48ff5-84 > .kt-inside-inner-col,.kadence-column1198_e48ff5-84 > .kt-inside-inner-col:before{border-top-left-radius:0px;border-top-right-radius:0px;border-bottom-right-radius:0px;border-bottom-left-radius:0px;}.kadence-column1198_e48ff5-84 > .kt-inside-inner-col{column-gap:var(--global-kb-gap-sm, 1rem);}.kadence-column1198_e48ff5-84 > .kt-inside-inner-col{flex-direction:column;}.kadence-column1198_e48ff5-84 > .kt-inside-inner-col > .aligncenter{width:100%;}.kadence-column1198_e48ff5-84 > .kt-inside-inner-col:before{opacity:0.3;}.kadence-column1198_e48ff5-84{position:relative;}@media all and (max-width: 1024px){.kadence-column1198_e48ff5-84 > .kt-inside-inner-col{flex-direction:column;}}@media all and (max-width: 767px){.kadence-column1198_e48ff5-84 > .kt-inside-inner-col{flex-direction:column;}}<\/style>\n<div class=\"wp-block-kadence-column kadence-column1198_e48ff5-84 inner-column-1\"><div class=\"kt-inside-inner-col\"><\/div><\/div>\n","protected":false},"excerpt":{"rendered":"<p>Section en travaux \u00a0 Vous saisissez le blason et nous le dessinons pour vous, en quelques secondes !! Rechercher un blason \u00e0 partir du nom de son titulaire ou de ses composants D\u00e9couvrez quelques uns des plus beaux b\u00e2timents armori\u00e9s d&rsquo;Europe<\/p>\n","protected":false},"author":1,"featured_media":0,"parent":0,"menu_order":0,"comment_status":"closed","ping_status":"closed","template":"","meta":{"_uag_custom_page_level_css":"","site-sidebar-layout":"default","site-content-layout":"","ast-site-content-layout":"default","site-content-style":"default","site-sidebar-style":"default","ast-global-header-display":"","ast-banner-title-visibility":"","ast-main-header-display":"","ast-hfb-above-header-display":"","ast-hfb-below-header-display":"","ast-hfb-mobile-header-display":"","site-post-title":"","ast-breadcrumbs-content":"","ast-featured-img":"","footer-sml-layout":"","theme-transparent-header-meta":"","adv-header-id-meta":"","stick-header-meta":"","header-above-stick-meta":"","header-main-stick-meta":"","header-below-stick-meta":"","astra-migrate-meta-layouts":"set","footnotes":""},"uagb_featured_image_src":{"full":false,"thumbnail":false,"medium":false,"medium_large":false,"large":false,"1536x1536":false,"2048x2048":false},"uagb_author_info":{"display_name":"admin","author_link":"https:\/\/www.heraldys.fr\/wordpress\/author\/gillesboussard_h33\/"},"uagb_comment_info":0,"uagb_excerpt":"Section en travaux \u00a0 Vous saisissez le blason et nous le dessinons pour vous, en quelques secondes !! Rechercher un blason \u00e0 partir du nom de son titulaire ou de ses composants D\u00e9couvrez quelques uns des plus beaux b\u00e2timents armori\u00e9s d&rsquo;Europe","_links":{"self":[{"href":"https:\/\/www.heraldys.fr\/wordpress\/wp-json\/wp\/v2\/pages\/1198"}],"collection":[{"href":"https:\/\/www.heraldys.fr\/wordpress\/wp-json\/wp\/v2\/pages"}],"about":[{"href":"https:\/\/www.heraldys.fr\/wordpress\/wp-json\/wp\/v2\/types\/page"}],"author":[{"embeddable":true,"href":"https:\/\/www.heraldys.fr\/wordpress\/wp-json\/wp\/v2\/users\/1"}],"replies":[{"embeddable":true,"href":"https:\/\/www.heraldys.fr\/wordpress\/wp-json\/wp\/v2\/comments?post=1198"}],"version-history":[{"count":21,"href":"https:\/\/www.heraldys.fr\/wordpress\/wp-json\/wp\/v2\/pages\/1198\/revisions"}],"predecessor-version":[{"id":1348,"href":"https:\/\/www.heraldys.fr\/wordpress\/wp-json\/wp\/v2\/pages\/1198\/revisions\/1348"}],"wp:attachment":[{"href":"https:\/\/www.heraldys.fr\/wordpress\/wp-json\/wp\/v2\/media?parent=1198"}],"curies":[{"name":"wp","href":"https:\/\/api.w.org\/{rel}","templated":true}]}}